{"id":380,"date":"2025-08-20T13:04:27","date_gmt":"2025-08-20T13:04:27","guid":{"rendered":"https:\/\/my-better-job.eu\/?page_id=380"},"modified":"2025-08-28T14:30:57","modified_gmt":"2025-08-28T14:30:57","slug":"prospective-metiers","status":"publish","type":"page","link":"https:\/\/my-better-job.eu\/?page_id=380","title":{"rendered":"PROSPECTIVE M\u00c9TIERS"},"content":{"rendered":"<div id='av_section_1'  class='avia-section av-av_section-ead7872a6199d9872a6fed09789ee080 main_color avia-section-default avia-no-border-styling  avia-builder-el-0  el_before_av_section  avia-builder-el-first  avia-bg-style-scroll container_wrap fullsize'  ><div class='container av-section-cont-open' ><main  role=\"main\" itemprop=\"mainContentOfPage\"  class='template-page content  av-content-full alpha units'><div class='post-entry post-entry-type-page post-entry-380'><div class='entry-content-wrapper clearfix'>\n<div class='flex_column_table av-av_one_half-9a03e5277ea38e40629af0c30ff6f3bd sc-av_one_half av-equal-height-column-flextable'><div  class='flex_column av-av_one_half-9a03e5277ea38e40629af0c30ff6f3bd av_one_half  avia-builder-el-1  el_before_av_one_half  avia-builder-el-first  first flex_column_table_cell av-equal-height-column av-align-middle  '     ><style type=\"text\/css\" data-created_by=\"avia_inline_auto\" id=\"style-css-av-mevhzch5-1b0854873e05b8a186a0aa6d04169872\">\n.avia-image-container.av-mevhzch5-1b0854873e05b8a186a0aa6d04169872 img.avia_image{\nbox-shadow:none;\n}\n.avia-image-container.av-mevhzch5-1b0854873e05b8a186a0aa6d04169872 .av-image-caption-overlay-center{\ncolor:#ffffff;\n}\n<\/style>\n<div  class='avia-image-container av-mevhzch5-1b0854873e05b8a186a0aa6d04169872 av-styling- avia-align-center  avia-builder-el-2  avia-builder-el-no-sibling '   itemprop=\"image\" itemscope=\"itemscope\" itemtype=\"https:\/\/schema.org\/ImageObject\" ><div class=\"avia-image-container-inner\"><div class=\"avia-image-overlay-wrap\"><img decoding=\"async\" fetchpriority=\"high\" class='wp-image-701 avia-img-lazy-loading-not-701 avia_image ' src=\"https:\/\/my-better-job.eu\/wp-content\/uploads\/2025\/08\/prospective-metier-60.svg\" alt='' title='prospective-metier-60'  height=\"150\" width=\"150\"  itemprop=\"thumbnailUrl\"  \/><\/div><\/div><\/div><\/div><div class='av-flex-placeholder'><\/div><div  class='flex_column av-av_one_half-adc580dd05f77a2b0dc13b9faf540b43 av_one_half  avia-builder-el-3  el_after_av_one_half  avia-builder-el-last  flex_column_table_cell av-equal-height-column av-align-middle  '     ><style type=\"text\/css\" data-created_by=\"avia_inline_auto\" id=\"style-css-av-mevhzkt7-d628ae6c9efc6865632ac2cd4266c1b5\">\n#top .av_textblock_section.av-mevhzkt7-d628ae6c9efc6865632ac2cd4266c1b5 .avia_textblock{\nfont-size:20px;\ncolor:#66bc93;\n}\n<\/style>\n<section  class='av_textblock_section av-mevhzkt7-d628ae6c9efc6865632ac2cd4266c1b5 '   itemscope=\"itemscope\" itemtype=\"https:\/\/schema.org\/CreativeWork\" ><div class='avia_textblock av_inherit_color'  itemprop=\"text\" ><h4><strong>Prospective m\u00e9tier<\/strong><\/h4>\n<\/div><\/section><br \/>\n\n<style type=\"text\/css\" data-created_by=\"avia_inline_auto\" id=\"style-css-av-av_textblock-a34b9c461cc511d396ba432d2a534a73\">\n#top .av_textblock_section.av-av_textblock-a34b9c461cc511d396ba432d2a534a73 .avia_textblock{\nfont-size:20px;\ncolor:#26274e;\n}\n<\/style>\n<section  class='av_textblock_section av-av_textblock-a34b9c461cc511d396ba432d2a534a73 '   itemscope=\"itemscope\" itemtype=\"https:\/\/schema.org\/CreativeWork\" ><div class='avia_textblock av_inherit_color'  itemprop=\"text\" ><hr style=\"width: 50%; border: 3px solid #66bc93; border-radius: 3px;\" \/>\n<\/div><\/section><br \/>\n\n<style type=\"text\/css\" data-created_by=\"avia_inline_auto\" id=\"style-css-av-mevi1g9a-07d426dc4841fbd40b83756e6185f594\">\n#top .togglecontainer.av-mevi1g9a-07d426dc4841fbd40b83756e6185f594 p.toggler{\nfont-size:15px;\ncolor:#26274e;\nborder-color:#66bc93;\n}\n#top .togglecontainer.av-mevi1g9a-07d426dc4841fbd40b83756e6185f594 p.toggler .toggle_icon{\ncolor:#66bc93;\nborder-color:#66bc93;\n}\n#top .togglecontainer.av-mevi1g9a-07d426dc4841fbd40b83756e6185f594 p.toggler .toggle_icon > span{\ncolor:#66bc93;\nborder-color:#66bc93;\n}\n#top .togglecontainer.av-mevi1g9a-07d426dc4841fbd40b83756e6185f594 .toggle_wrap .toggle_content{\ncolor:#26274e;\nborder-color:#66bc93;\n}\n<\/style>\n<div  class='togglecontainer av-mevi1g9a-07d426dc4841fbd40b83756e6185f594 av-minimal-toggle  avia-builder-el-6  el_after_av_textblock  el_before_av_buttonrow  toggle_close_all' >\n<section class='av_toggle_section av-mevi1cpo-d981f37f311a7f10f0ca50e3c393257f'  itemscope=\"itemscope\" itemtype=\"https:\/\/schema.org\/CreativeWork\" ><div role=\"tablist\" class=\"single_toggle\" data-tags=\"{Tout} \"  ><p id='toggle-toggle-id-1' data-fake-id='#toggle-id-1' class='toggler  av-title-above av-inherit-border-color'  itemprop=\"headline\"  role='tab' tabindex='0' aria-controls='toggle-id-1' data-slide-speed=\"200\" data-title=\"Donn\u00e9es d\u2019entr\u00e9e requises \" data-title-open=\"\" data-aria_collapsed=\"Cliquez pour \u00e9tendre : Donn\u00e9es d\u2019entr\u00e9e requises \" data-aria_expanded=\"Cliquez pour r\u00e9duire : Donn\u00e9es d\u2019entr\u00e9e requises \">Donn\u00e9es d\u2019entr\u00e9e requises <span class=\"toggle_icon\"><span class=\"vert_icon\"><\/span><span class=\"hor_icon\"><\/span><\/span><\/p><div id='toggle-id-1' aria-labelledby='toggle-toggle-id-1' role='region' class='toggle_wrap  av-title-above'  ><div class='toggle_content invers-color av-inherit-border-color'  itemprop=\"text\" ><ul>\n<li aria-setsize=\"-1\" data-leveltext=\"\uf0b7\" data-font=\"Symbol\" data-listid=\"2\" data-list-defn-props=\"{\" data-aria-posinset=\"1\" data-aria-level=\"1\">Selon votre projet<\/li>\n<\/ul>\n<\/div><\/div><\/div><\/section>\n<section class='av_toggle_section av-mevi1046-60ef7f213935d1eb69f93f1eebfdf270'  itemscope=\"itemscope\" itemtype=\"https:\/\/schema.org\/CreativeWork\" ><div role=\"tablist\" class=\"single_toggle\" data-tags=\"{Tout} \"  ><p id='toggle-toggle-id-2' data-fake-id='#toggle-id-2' class='toggler  av-title-above av-inherit-border-color'  itemprop=\"headline\"  role='tab' tabindex='0' aria-controls='toggle-id-2' data-slide-speed=\"200\" data-title=\"Livrable \" data-title-open=\"\" data-aria_collapsed=\"Cliquez pour \u00e9tendre : Livrable \" data-aria_expanded=\"Cliquez pour r\u00e9duire : Livrable \">Livrable <span class=\"toggle_icon\"><span class=\"vert_icon\"><\/span><span class=\"hor_icon\"><\/span><\/span><\/p><div id='toggle-id-2' aria-labelledby='toggle-toggle-id-2' role='region' class='toggle_wrap  av-title-above'  ><div class='toggle_content invers-color av-inherit-border-color'  itemprop=\"text\" ><section class=\"av_textblock_section av-meijgmhp-028c439f13a2a48fdda171959fb76eec \">\n<div class=\"avia_textblock\">\n<div class=\"x_elementToProof\" data-olk-copy-source=\"MessageBody\"><b>\u00c0 d\u00e9finir selon votre projet<\/b><\/div>\n<\/div>\n<\/section>\n<section class=\"av_textblock_section av-mejziyw3-c443c1c1692abe1d9782f4c22cdb133c \">\n<div class=\"avia_textblock\">\n<div class=\"x_elementToProof\" data-olk-copy-source=\"MessageBody\"><\/div>\n<\/div>\n<\/section>\n<\/div><\/div><\/div><\/section>\n<section class='av_toggle_section av-mevi165i-44e20715f902a1c8697cc37ee96b2f44'  itemscope=\"itemscope\" itemtype=\"https:\/\/schema.org\/CreativeWork\" ><div role=\"tablist\" class=\"single_toggle\" data-tags=\"{Tout} \"  ><p id='toggle-toggle-id-3' data-fake-id='#toggle-id-3' class='toggler  av-title-above av-inherit-border-color'  itemprop=\"headline\"  role='tab' tabindex='0' aria-controls='toggle-id-3' data-slide-speed=\"200\" data-title=\"Tarif\" data-title-open=\"\" data-aria_collapsed=\"Cliquez pour \u00e9tendre : Tarif\" data-aria_expanded=\"Cliquez pour r\u00e9duire : Tarif\">Tarif<span class=\"toggle_icon\"><span class=\"vert_icon\"><\/span><span class=\"hor_icon\"><\/span><\/span><\/p><div id='toggle-id-3' aria-labelledby='toggle-toggle-id-3' role='region' class='toggle_wrap  av-title-above'  ><div class='toggle_content invers-color av-inherit-border-color'  itemprop=\"text\" ><p><b>Sur devis<\/b><\/p>\n<\/div><\/div><\/div><\/section>\n<\/div><br \/>\n<div  class='avia-buttonrow-wrap av-mevi353u-d7a674eb1e0684c053fdb1a78c46a891 avia-buttonrow-left  avia-builder-el-7  el_after_av_toggle_container  avia-builder-el-last '>\n\n<style type=\"text\/css\" data-created_by=\"avia_inline_auto\" id=\"style-css-av-av_buttonrow_item-6375ddabf2e272eaa2d038fd111976d1\">\n#top #wrap_all .avia-button.av-av_buttonrow_item-6375ddabf2e272eaa2d038fd111976d1{\nmargin-bottom:5px;\nmargin-right:5px;\n}\n<\/style>\n<a href='#contact'  class='avia-button av-av_buttonrow_item-6375ddabf2e272eaa2d038fd111976d1 avia-icon_select-no avia-size-x-large avia-color-theme-color'   aria-label=\"Demander un devis\"><span class='avia_iconbox_title' >Demander un devis<\/span><\/a>\n<\/div><\/p><\/div><\/div><!--close column table wrapper. Autoclose: 1 --><\/div><\/div><\/main><!-- close content main element --><\/div><\/div>\n<style type=\"text\/css\" data-created_by=\"avia_inline_auto\" id=\"style-css-av-av_section-41107d2f45cccb3d2e249b7e4c3c3bed\">\n.avia-section.av-av_section-41107d2f45cccb3d2e249b7e4c3c3bed{\nbackground-color:#f4f4f4;\nbackground-image:unset;\n}\n<\/style>\n<div id='av_section_2'  class='avia-section av-av_section-41107d2f45cccb3d2e249b7e4c3c3bed main_color avia-section-default avia-no-border-styling  avia-builder-el-8  el_after_av_section  el_before_av_section  avia-bg-style-scroll container_wrap fullsize'  ><div class='container av-section-cont-open' ><div class='template-page content  av-content-full alpha units'><div class='post-entry post-entry-type-page post-entry-380'><div class='entry-content-wrapper clearfix'>\n<div class='flex_column_table av-av_one_half-9a03e5277ea38e40629af0c30ff6f3bd sc-av_one_half av-equal-height-column-flextable'><div  class='flex_column av-av_one_half-9a03e5277ea38e40629af0c30ff6f3bd av_one_half  avia-builder-el-9  el_before_av_one_half  avia-builder-el-first  first flex_column_table_cell av-equal-height-column av-align-middle  '     ><section  class='av_textblock_section av-mevi2lsn-9865dba5408c0498b577778c3c51a977 '   itemscope=\"itemscope\" itemtype=\"https:\/\/schema.org\/CreativeWork\" ><div class='avia_textblock'  itemprop=\"text\" ><p style=\"text-align: center;\"><strong>Prospective m\u00e9tier et besoin de comp\u00e9tences<\/strong><\/p>\n<\/div><\/section><br \/>\n\n<style type=\"text\/css\" data-created_by=\"avia_inline_auto\" id=\"style-css-av-mevi1y3l-6be1e23cc0bffbc5bbd69685dcf43237\">\n#top .av_textblock_section.av-mevi1y3l-6be1e23cc0bffbc5bbd69685dcf43237 .avia_textblock{\nfont-size:20px;\ncolor:#66bc93;\n}\n<\/style>\n<section  class='av_textblock_section av-mevi1y3l-6be1e23cc0bffbc5bbd69685dcf43237 '   itemscope=\"itemscope\" itemtype=\"https:\/\/schema.org\/CreativeWork\" ><div class='avia_textblock av_inherit_color'  itemprop=\"text\" ><h4 style=\"text-align: center;\"><strong>&#8211; Avec My-Better-Job &#8211;<\/strong><\/h4>\n<\/div><\/section><br \/>\n\n<style type=\"text\/css\" data-created_by=\"avia_inline_auto\" id=\"style-css-av-mevi4gan-8ad6cfcd7dbcf270719f22eeb9c3755a\">\n#top .hr.hr-invisible.av-mevi4gan-8ad6cfcd7dbcf270719f22eeb9c3755a{\nheight:50px;\n}\n<\/style>\n<div  class='hr av-mevi4gan-8ad6cfcd7dbcf270719f22eeb9c3755a hr-invisible  avia-builder-el-12  el_after_av_textblock  el_before_av_textblock '><span class='hr-inner '><span class=\"hr-inner-style\"><\/span><\/span><\/div><br \/>\n<section  class='av_textblock_section av-mevi43jc-6ede408d784e7daf3b36325386c2b108 '   itemscope=\"itemscope\" itemtype=\"https:\/\/schema.org\/CreativeWork\" ><div class='avia_textblock'  itemprop=\"text\" ><section class=\"av_textblock_section av-meijgmhp-028c439f13a2a48fdda171959fb76eec \">\n<div class=\"avia_textblock\">\n<div class=\"x_elementToProof\" data-olk-copy-source=\"MessageBody\"><strong>La valeur ajout\u00e9e originale de My-Better-Job repose non seulement sur ce double \u00ab\u00a0culture\u00a0\u00bb d\u2019\u00e9quipe mais aussi sur la mobilisation d\u2019outils et de technologies exclusifs, tels que\u00a0:<\/strong><\/div>\n<ul>\n<li data-olk-copy-source=\"MessageBody\">L\u2019analyse en continu des d\u00e9finitions de postes dans les offres d\u2019emploi (6000 offres extraites et analys\u00e9es chaque jour pour la France)<\/li>\n<li>L\u2019exploitation des travaux prospectifs r\u00e9alis\u00e9s par les observatoires de m\u00e9tiers<\/li>\n<li>L\u2019analyse continue des m\u00e9tiers, de leurs r\u00e9f\u00e9rentiels de comp\u00e9tences, des certifications associ\u00e9es et de leur dynamique d\u00e9mographique<\/li>\n<\/ul>\n<\/div>\n<\/section>\n<section class=\"av_textblock_section av-mejziyw3-c443c1c1692abe1d9782f4c22cdb133c \">\n<div class=\"avia_textblock\">\n<div class=\"x_elementToProof\" data-olk-copy-source=\"MessageBody\">\n<div class=\"x_elementToProof\" data-olk-copy-source=\"MessageBody\"><em><strong>Cette expertise permet d\u2019\u00e9clairer les changements \u00e0 venir du march\u00e9 de l\u2019emploi et des besoins de formation, non seulement au b\u00e9n\u00e9fice d\u2019organisations collectives mais aussi des entreprises elles-m\u00eames.<\/strong><\/em><\/div>\n<\/div>\n<\/div>\n<\/section>\n<\/div><\/section><\/p><\/div><div class='av-flex-placeholder'><\/div><div  class='flex_column av-av_one_half-5ebb9248fb9c120f6665341cb151d4ce av_one_half  avia-builder-el-14  el_after_av_one_half  avia-builder-el-last  flex_column_table_cell av-equal-height-column av-align-middle  '     ><style type=\"text\/css\" data-created_by=\"avia_inline_auto\" id=\"style-css-av-mevi1u3m-2f0e8fe42469b78bdc00773d28bcfa7c\">\n#top .av_textblock_section.av-mevi1u3m-2f0e8fe42469b78bdc00773d28bcfa7c .avia_textblock{\nfont-size:15px;\ncolor:#26274e;\n}\n<\/style>\n<section  class='av_textblock_section av-mevi1u3m-2f0e8fe42469b78bdc00773d28bcfa7c '   itemscope=\"itemscope\" itemtype=\"https:\/\/schema.org\/CreativeWork\" ><div class='avia_textblock av_inherit_color'  itemprop=\"text\" ><div class=\"x_elementToProof\" data-olk-copy-source=\"MessageBody\"><em><strong>Impacts des transformations de la construction automobile sur les m\u00e9tiers, l\u2019emploi et les besoins de comp\u00e9tences, effets du d\u00e9veloppement de l\u2019IA g\u00e9n\u00e9rative sur les m\u00e9tiers administratifs, besoins de formation li\u00e9s au transfert de main d\u2019\u0153uvre depuis les m\u00e9tiers de la construction neuve vers ceux de la r\u00e9novation \u00e9nerg\u00e9tique\u2026<\/strong><\/em><\/div>\n<div class=\"x_elementToProof\"><em><strong>En faisant converger veille strat\u00e9gique et analyse de la dynamique des m\u00e9tiers et de l\u2019offre de formation, My-Better-Job appuie la r\u00e9flexion des organisations professionnelles sur la transformation des m\u00e9tiers et des besoins de comp\u00e9tences.<\/strong><\/em><\/div>\n<\/div><\/section><\/div><\/div><!--close column table wrapper. Autoclose: 1 --><\/div><\/div><\/div><!-- close content main div --><\/div><\/div><div id='contact'  class='avia-section av-meikd0g1-1d534e3afd5bd985891c90e919c279d3 main_color avia-section-default avia-no-border-styling  avia-builder-el-16  el_after_av_section  avia-builder-el-last  degrade avia-bg-style-scroll container_wrap fullsize'  ><div class='container av-section-cont-open' ><div class='template-page content  av-content-full alpha units'><div class='post-entry post-entry-type-page post-entry-380'><div class='entry-content-wrapper clearfix'>\n<form action=\"https:\/\/my-better-job.eu\/?page_id=380\" method=\"post\" data-fields-with-error=\"Erreurs trouv\u00e9es dans les champs suivants :\" class=\"avia_ajax_form av-form-labels-hidden   avia-builder-el-17  avia-builder-el-no-sibling  av-custom-form-color av-light-form \" data-avia-form-id=\"1\" data-avia-redirect='' ><fieldset><h3 id='element_avia_1_1' class=' first_form  form_element form_fullwidth av-form-headline '><\/h3><p class='  first_form  form_element form_element_half' id='element_avia_2_1'><label for=\"avia_2_1\">Votre nom <abbr class=\"required\" title=\"requis(e)\">*<\/abbr><\/label> <input name=\"avia_2_1\" class=\"text_input is_empty\" type=\"text\" id=\"avia_2_1\" value=\"\"  placeholder='Votre nom*'\/><\/p><p class='  form_element form_element_half' id='element_avia_3_1'><label for=\"avia_3_1\">Nom de votre \u00e9tablissement   <abbr class=\"required\" title=\"requis(e)\">*<\/abbr><\/label> <input name=\"avia_3_1\" class=\"text_input is_empty\" type=\"text\" id=\"avia_3_1\" value=\"\"  placeholder='Nom de votre \u00e9tablissement  *'\/><\/p><p class='  first_form  form_element form_element_half' id='element_avia_4_1'><label for=\"avia_4_1\">E-Mail <abbr class=\"required\" title=\"requis(e)\">*<\/abbr><\/label> <input name=\"avia_4_1\" class=\"text_input is_email\" type=\"text\" id=\"avia_4_1\" value=\"\"  placeholder='E-Mail*'\/><\/p><p class='  form_element form_element_half' id='element_avia_5_1'><label for=\"avia_5_1\">T\u00e9l\u00e9phone <abbr class=\"required\" title=\"requis(e)\">*<\/abbr><\/label> <input name=\"avia_5_1\" class=\"text_input is_empty\" type=\"text\" id=\"avia_5_1\" value=\"\"  placeholder='T\u00e9l\u00e9phone*'\/><\/p><p class='  first_form  form_element form_fullwidth av-last-visible-form-element' id='element_avia_6_1'><label for=\"avia_6_1\" class=\"textare_label hidden textare_label_avia_6_1\">D\u00e9crivez-nous vos besoins ... <abbr class=\"required\" title=\"requis(e)\">*<\/abbr><\/label><textarea  placeholder='D\u00e9crivez-nous vos besoins ...*' name=\"avia_6_1\" class=\"text_area is_empty\" cols=\"40\" rows=\"7\" id=\"avia_6_1\" ><\/textarea><\/p><p class=\"hidden\"><input type=\"text\" name=\"avia_7_1\" class=\"hidden \" id=\"avia_7_1\" value=\"\" \/><\/p><p class=\"form_element \"><input type=\"hidden\" value=\"1\" name=\"avia_generated_form1\" \/><input type=\"submit\" value=\"Envoyer\" class=\"button\"  data-sending-label=\"Envoi\"\/><\/p><\/fieldset><\/form><div id=\"ajaxresponse_1\" class=\"ajaxresponse ajaxresponse_1 hidden\"><\/div>\n<\/p>\n","protected":false},"excerpt":{"rendered":"","protected":false},"author":1,"featured_media":0,"parent":0,"menu_order":0,"comment_status":"closed","ping_status":"closed","template":"","meta":{"inline_featured_image":false,"footnotes":""},"class_list":["post-380","page","type-page","status-publish","hentry"],"_links":{"self":[{"href":"https:\/\/my-better-job.eu\/index.php?rest_route=\/wp\/v2\/pages\/380","targetHints":{"allow":["GET"]}}],"collection":[{"href":"https:\/\/my-better-job.eu\/index.php?rest_route=\/wp\/v2\/pages"}],"about":[{"href":"https:\/\/my-better-job.eu\/index.php?rest_route=\/wp\/v2\/types\/page"}],"author":[{"embeddable":true,"href":"https:\/\/my-better-job.eu\/index.php?rest_route=\/wp\/v2\/users\/1"}],"replies":[{"embeddable":true,"href":"https:\/\/my-better-job.eu\/index.php?rest_route=%2Fwp%2Fv2%2Fcomments&post=380"}],"version-history":[{"count":9,"href":"https:\/\/my-better-job.eu\/index.php?rest_route=\/wp\/v2\/pages\/380\/revisions"}],"predecessor-version":[{"id":943,"href":"https:\/\/my-better-job.eu\/index.php?rest_route=\/wp\/v2\/pages\/380\/revisions\/943"}],"wp:attachment":[{"href":"https:\/\/my-better-job.eu\/index.php?rest_route=%2Fwp%2Fv2%2Fmedia&parent=380"}],"curies":[{"name":"wp","href":"https:\/\/api.w.org\/{rel}","templated":true}]}}